{"id":2640,"date":"2022-08-05T12:26:40","date_gmt":"2022-08-05T15:26:40","guid":{"rendered":"http:\/\/www.adcsapem.com.ar\/?page_id=2640"},"modified":"2022-08-05T12:26:40","modified_gmt":"2022-08-05T15:26:40","slug":"oferta-obra-red-cloacas-capital-provincia-de-catamarca","status":"publish","type":"page","link":"https:\/\/www.adcsapem.com.ar\/?page_id=2640","title":{"rendered":"OFERTA OBRA RED \u2013 CLOACAS CAPITAL PROVINCIA DE CATAMARCA"},"content":{"rendered":"<p><a href=\"http:\/\/www.adcsapem.com.ar\/wp-content\/uploads\/2022\/08\/Oferta-\u00c1ridos-del-Valle-Licitaci\u00f3n-Cloacas-Capital.pdf\">Descargar &gt; &gt; Oferta \u00c1ridos del Valle Licitaci\u00f3n Cloacas Capital<\/a><\/p>\n<p><a href=\"http:\/\/www.adcsapem.com.ar\/wp-content\/uploads\/2022\/08\/Oferta-Cairo-S.R.L.-Licitaci\u00f3n-Cloacas-Capital.pdf\">Descargar &gt; &gt; Oferta Cairo S.R.L. Licitaci\u00f3n Cloacas Capital<\/a><\/p>\n<p><a href=\"http:\/\/www.adcsapem.com.ar\/wp-content\/uploads\/2022\/08\/Oferta-Paradigma-del-Norte-S.R.L.-Licitaci\u00f3n-Cloacas-Capital.pdf\">Descargar &gt; &gt; Oferta Paradigma del Norte S.R.L. Licitaci\u00f3n Cloacas Capital<\/a><\/p>\n","protected":false},"excerpt":{"rendered":"<p>Descargar &gt; &gt; Oferta \u00c1ridos del Valle Licitaci\u00f3n Cloacas Capital Descargar &gt; &gt; Oferta Cairo S.R.L. Licitaci\u00f3n Cloacas Capital Descargar &gt; &gt; Oferta Paradigma del Norte S.R.L. Licitaci\u00f3n Cloacas Capital<\/p>\n","protected":false},"author":1,"featured_media":0,"parent":0,"menu_order":0,"comment_status":"closed","ping_status":"closed","template":"","meta":{"footnotes":""},"_links":{"self":[{"href":"https:\/\/www.adcsapem.com.ar\/index.php?rest_route=\/wp\/v2\/pages\/2640"}],"collection":[{"href":"https:\/\/www.adcsapem.com.ar\/index.php?rest_route=\/wp\/v2\/pages"}],"about":[{"href":"https:\/\/www.adcsapem.com.ar\/index.php?rest_route=\/wp\/v2\/types\/page"}],"author":[{"embeddable":true,"href":"https:\/\/www.adcsapem.com.ar\/index.php?rest_route=\/wp\/v2\/users\/1"}],"replies":[{"embeddable":true,"href":"https:\/\/www.adcsapem.com.ar\/index.php?rest_route=%2Fwp%2Fv2%2Fcomments&post=2640"}],"version-history":[{"count":1,"href":"https:\/\/www.adcsapem.com.ar\/index.php?rest_route=\/wp\/v2\/pages\/2640\/revisions"}],"predecessor-version":[{"id":2645,"href":"https:\/\/www.adcsapem.com.ar\/index.php?rest_route=\/wp\/v2\/pages\/2640\/revisions\/2645"}],"wp:attachment":[{"href":"https:\/\/www.adcsapem.com.ar\/index.php?rest_route=%2Fwp%2Fv2%2Fmedia&parent=2640"}],"curies":[{"name":"wp","href":"https:\/\/api.w.org\/{rel}","templated":true}]}}