{"id":294,"date":"2015-06-30T20:08:15","date_gmt":"2015-06-30T23:08:15","guid":{"rendered":"http:\/\/www.adcsapem.com.ar\/NuevaPaginaWeb\/?page_id=294"},"modified":"2022-07-06T12:01:13","modified_gmt":"2022-07-06T15:01:13","slug":"guia-de-tramites","status":"publish","type":"page","link":"https:\/\/www.adcsapem.com.ar\/?page_id=294","title":{"rendered":"Guia de Tramites"},"content":{"rendered":"<div class=\"tab tab-activa\">\n<h2 class=\"titulo\">Cambio Transitorio de Responsable de Pago:<\/h2>\n<blockquote>\n<div class=\"contenido\"><a>Existen casos en los que, por falta de documentaci\u00f3n que certifique la titularidad del inmueble por parte del Usuario, no se puede realizar el cambio de la misma. En estos casos puede realizarse un cambio transitorio de responsable de pago.<br \/>\n<strong>DOCUMENTACI\u00d3N A PRESENTAR:<\/strong> a) Fotocopia de 1\u00b0 y 2\u00b0 hoja del D.N.I.<br \/>\nb) Fotocopia del Contrato( Certificado por escriban\u00eda publica).<br \/>\n&#8211; Alquiler.<br \/>\n&#8211; Arrendamiento.<br \/>\n&#8211; Pr\u00e9stamo.<br \/>\n&#8211; Usufructo.<br \/>\n&#8211; Boleto de Compra Venta (Certificado por Escribano P\u00fablico).<\/a><strong>Costo: La cuenta deber\u00e1 estar al d\u00eda.<\/strong><\/p>\n<\/div>\n<\/blockquote>\n<div class=\"contenido\">\n<hr \/>\n<\/div>\n<div class=\"contenido\">\n<div class=\"tab tab-activa\">\n<h2 class=\"titulo\">Cambio Direcci\u00f3n Postal:<\/h2>\n<blockquote>\n<div class=\"contenido\"><a>Para realizar el cambio de Direcci\u00f3n Postal, el Usuario deber\u00e1 presentar alguna constancia que certifique su domicilio.<br \/>\n<strong>DOCUMENTACI\u00d3N A PRESENTAR:<\/strong> a) Fotocopia de 1\u00b0 y 2\u00b0 hoja del D.N.I.<br \/>\nb) Fotocopia de \u00faltima factura de otro servicio.<br \/>\n<strong>Costo: La cuenta deber\u00e1 estar al d\u00eda.<\/strong><\/a><\/div>\n<\/blockquote>\n<\/div>\n<\/div>\n<\/div>\n<div class=\"contenido\">\n<hr \/>\n<\/div>\n<div class=\"contenido\">\n<div class=\"tab tab-activa\">\n<h2 class=\"titulo\">Cambio de Titularidad:<\/h2>\n<blockquote>\n<div class=\"contenido\"><a>Para realizar el cambio de titularidad, el usuario deber\u00e1 presentar alguna constancia que certifique que es el titular del inmueble.<br \/>\n<strong>DOCUMENTACI\u00d3N A PRESENTAR:<\/strong><br \/>\na) Fotocopia de 1\u00b0 y 2\u00b0 hoja del D.N.I.<br \/>\nb) Constancia de posesi\u00f3n del inmueble (Escritura o Tenencia Precaria).<br \/>\nc) Constancia de Matr\u00edcula Catastral expedida por Administraci\u00f3n General de Catastro.<br \/>\n<strong>Costo: La cuenta deber\u00e1 estar al d\u00eda.<\/strong><\/a><\/div>\n<\/blockquote>\n<div class=\"contenido\">\n<div class=\"tab tab-activa\">\n<div class=\"titulo\">\n<hr \/>\n<\/div>\n<h2 class=\"titulo\">Solicitud de Instalaci\u00f3n de Medidor:<\/h2>\n<blockquote>\n<div class=\"contenido\"><a><strong>DOCUMENTACI\u00d3N A PRESENTAR:<\/strong><br \/>\na) Fotocopia de 1\u00b0 y 2\u00b0 hoja del D.N.I.<br \/>\nb) Constancia de posesi\u00f3n del inmueble (Escritura, Tenencia Precaria o Boleto de Compra Venta autenticado por Escribano P\u00fablico).<br \/>\nc) Plano del Inmueble (conexi\u00f3n marcada).<\/a><\/div>\n<\/blockquote>\n<div class=\"contenido\">\n<div class=\"tab tab-activa\">\n<div class=\"titulo\">\n<hr \/>\n<\/div>\n<h2 class=\"titulo\">Libre Deuda:<\/h2>\n<blockquote>\n<div><a><strong>DOCUMENTACI\u00d3N A PRESENTAR:<\/strong><br \/>\na) Factura del suministro para la certificaci\u00f3n o bien matricula catastral de referencia.<br \/>\nb) <\/a><a>Tener la cuenta al d\u00eda.<\/a><\/div>\n<div><\/div>\n<div class=\"contenido\"><a><strong>DOCUMENTACI\u00d3N A PRESENTAR:<\/strong><br \/>\na) Fotocopia de 1\u00b0 y 2\u00b0 hoja del D.N.I. de poseedor de inmueble.<br \/>\nb) Constancia de posesi\u00f3n del Inmueble (Escritura o Boleto de Compra Venta autenticado por Escribano P\u00fablico).<br \/>\nc) Constancia de Matr\u00edcula Catastral expedida por Administraci\u00f3n General de Catastro.<br \/>\nd) Tener la cuenta al d\u00eda.<\/a><\/div>\n<div class=\"contenido\"><\/div>\n<\/blockquote>\n<\/div>\n<\/div>\n<\/div>\n<\/div>\n<\/div>\n<\/div>\n<div class=\"contenido\">\n<div class=\"tab tab-activa\">\n<div class=\"contenido\">\n<div class=\"tab tab-activa\">\n<div class=\"contenido\">\n<div class=\"tab tab-activa\">\n<div class=\"contenido\">\n<div class=\"tab tab-activa\">\n<div class=\"contenido\">\n<div class=\"tab tab-activa\">\n<hr \/>\n<h2 class=\"titulo\">Solicitud Conexi\u00f3n Agua y Cloaca:<\/h2>\n<\/div>\n<\/div>\n<div><span style=\"color: #ff0000;\"><span style=\"font-size: 18.6667px;\">\u00a0<\/span><\/span><\/div>\n<blockquote>\n<div class=\"contenido\"><a><strong>DOCUMENTACI\u00d3N A PRESENTAR:<\/strong><br \/>\na) Nota explicando el motivo de solicitud de la conexi\u00f3n, esta deber\u00e1 ser dirigida a Aguas de Catamarca SAPEM y debe ser presentada por el titular de la cuenta, de no ser as\u00ed este \u00faltimo ser\u00e1 quien designe en la misma nota a un gestor para la presentaci\u00f3n de la documentaci\u00f3n y seguimiento del tr\u00e1mite.<br \/>\nb) Fotocopia de DNI 1\u00aa y 2\u00aa hoja del mismo y \u00faltimo cambio de domicilio del titular y\/o gestor.<br \/>\nc) Constancia de Matricula Catastral. Expedida por la Administraci\u00f3n Gral. De Catastro<br \/>\nd) Fotocopia de Constancia de Posesi\u00f3n del\u00a0 Inmueble:<br \/>\n1. Escritura<br \/>\n2. Boleto Compra-venta, etc.<br \/>\ne) Croquis de ubicaci\u00f3n del Inmueble.<br \/>\nf) Poseer la cuenta al d\u00eda en Aguas de Catamarca SAPEM.<br \/>\ng) Domicilio postal (factura de servicio de gas, tel\u00e9fono, etc.)<br \/>\nhi) Distancias de ejecuci\u00f3n de conexi\u00f3n sobre l\u00ednea municipal<br \/>\n<\/a><\/div>\n<div class=\"contenido\"><a><strong>Condiciones para ejecutar la conexi\u00f3n de agua:<\/strong><\/a><\/div>\n<div class=\"contenido\"><\/div>\n<div class=\"contenido\">a) Poseer instalaci\u00f3n interna en el domicilio (seg\u00fan Croquis adjunto)<br \/>\nb) Dejar chicote (Manguera PEAD (polipropileno de alta densidad) de 20 mm de di\u00e1metro exterior) en vereda)<\/div>\n<\/blockquote>\n<div class=\"contenido\"><a href=\"http:\/\/www.adcsapem.com.ar\/wp-content\/uploads\/2015\/06\/conexion.png\"><img loading=\"lazy\" decoding=\"async\" class=\"aligncenter size-full wp-image-538\" src=\"http:\/\/www.adcsapem.com.ar\/wp-content\/uploads\/2015\/06\/conexion.png\" alt=\"conexion\" width=\"741\" height=\"298\" \/><\/a><\/div>\n<\/div>\n<div class=\"contenido\" style=\"padding-left: 30px;\"><a><strong>Condiciones para ejecutar la conexi\u00f3n de agua:<\/strong><\/a><\/div>\n<div class=\"contenido\" style=\"padding-left: 30px;\"><\/div>\n<div class=\"tab tab-activa\">\n<div class=\"contenido\" style=\"padding-left: 30px;\">1. Chicote en vereda (Manguera PEAD (polipropileno de alta densidad) de 20 mm de di\u00e1metro externo)<br \/>\n2. L\u00ednea Municipal<br \/>\n3. Manguera PEAD (polipropileno de alta densidad) de 20 mm de di\u00e1metro externo.<br \/>\n4. Llave de paso<\/div>\n<\/div>\n<div class=\"contenido\" style=\"padding-left: 30px;\"><\/div>\n<\/div>\n<\/div>\n<\/div>\n<hr \/>\n<h2 class=\"titulo\">Adhesi\u00f3n a debito directo \/ descuento por planilla del servicio de agua:<\/h2>\n<p><strong>El Beneficiario debe empleado p\u00fablico dependiente Poder Ejecutivo o del Ministerio de Educaci\u00f3n<\/strong><\/p>\n<blockquote>\n<div class=\"contenido\"><a><strong>DOCUMENTACI\u00d3N A PRESENTAR:<\/strong><br \/>\na) Fotocopia de 1\u00b0 y 2\u00b0 hoja del D.N.I.<br \/>\nb) Fotocopia del recibo de sueldo.<br \/>\nc) Fotocopia de la factura de agua.<br \/>\nd) Tener la cuenta al d\u00eda.<\/a><\/div>\n<\/blockquote>\n<\/div>\n<\/div>\n<\/div>\n<\/div>\n","protected":false},"excerpt":{"rendered":"<p>Cambio Transitorio de Responsable de Pago: Existen casos en los que, por falta de documentaci\u00f3n que certifique la titularidad del inmueble por parte del Usuario, no se puede realizar el cambio de la misma. En estos casos puede realizarse un cambio transitorio de responsable de pago. DOCUMENTACI\u00d3N A PRESENTAR: a) Fotocopia de 1\u00b0 y 2\u00b030<\/p>\n","protected":false},"author":1,"featured_media":0,"parent":0,"menu_order":0,"comment_status":"closed","ping_status":"open","template":"","meta":{"footnotes":""},"_links":{"self":[{"href":"https:\/\/www.adcsapem.com.ar\/index.php?rest_route=\/wp\/v2\/pages\/294"}],"collection":[{"href":"https:\/\/www.adcsapem.com.ar\/index.php?rest_route=\/wp\/v2\/pages"}],"about":[{"href":"https:\/\/www.adcsapem.com.ar\/index.php?rest_route=\/wp\/v2\/types\/page"}],"author":[{"embeddable":true,"href":"https:\/\/www.adcsapem.com.ar\/index.php?rest_route=\/wp\/v2\/users\/1"}],"replies":[{"embeddable":true,"href":"https:\/\/www.adcsapem.com.ar\/index.php?rest_route=%2Fwp%2Fv2%2Fcomments&post=294"}],"version-history":[{"count":21,"href":"https:\/\/www.adcsapem.com.ar\/index.php?rest_route=\/wp\/v2\/pages\/294\/revisions"}],"predecessor-version":[{"id":2558,"href":"https:\/\/www.adcsapem.com.ar\/index.php?rest_route=\/wp\/v2\/pages\/294\/revisions\/2558"}],"wp:attachment":[{"href":"https:\/\/www.adcsapem.com.ar\/index.php?rest_route=%2Fwp%2Fv2%2Fmedia&parent=294"}],"curies":[{"name":"wp","href":"https:\/\/api.w.org\/{rel}","templated":true}]}}