{"id":540,"date":"2015-09-22T08:10:34","date_gmt":"2015-09-22T11:10:34","guid":{"rendered":"http:\/\/www.adcsapem.com.ar\/?page_id=540"},"modified":"2022-02-11T12:34:20","modified_gmt":"2022-02-11T15:34:20","slug":"centros-de-pago","status":"publish","type":"page","link":"https:\/\/www.adcsapem.com.ar\/?page_id=540","title":{"rendered":"Centros de pago"},"content":{"rendered":"<p><b>\u00a0<\/b><\/p>\n<p><strong>Casa Central<\/strong> (sito en Av. Ocampo 1013): De 06:30 a 13:30 hs. de lunes a viernes.<\/p>\n<p><img loading=\"lazy\" decoding=\"async\" class=\"alignnone  wp-image-2265\" src=\"http:\/\/www.adcsapem.com.ar\/wp-content\/uploads\/2022\/02\/DSC_0097.jpg\" alt=\"\" width=\"456\" height=\"303\" \/><\/p>\n<p>&nbsp;<\/p>\n<p><strong>Sucursal Valle viejo<\/strong> (Padre Esquiu esq. Jose Joaqu\u00edn Acu\u00f1a): De lunes a viernes en el horario de 06:30 a 12:30 hs.<\/p>\n<div id=\"attachment_2266\" style=\"width: 466px\" class=\"wp-caption alignnone\"><img loading=\"lazy\" decoding=\"async\" aria-describedby=\"caption-attachment-2266\" class=\" wp-image-2266\" src=\"http:\/\/www.adcsapem.com.ar\/wp-content\/uploads\/2022\/02\/dele.jpg\" alt=\"\" width=\"456\" height=\"303\" \/><p id=\"caption-attachment-2266\" class=\"wp-caption-text\">\u00a0<\/p><\/div>\n<p>Adem\u00e1s de poder abonar en efectivo tu factura, podr\u00e1s optar por las siguientes formas de pago:<\/p>\n<p>&nbsp;<\/p>\n<ul>\n<li>Tarjetas de d\u00e9bito Maestro o Visa d\u00e9bito o Electr\u00f3n o Master Debito<\/li>\n<li>Tarjetas de Cr\u00e9dito:<\/li>\n<\/ul>\n<ol>\n<li>Visa (solo hasta tres cuotas)<\/li>\n<li>Sol (solo hasta tres cuotas)<\/li>\n<li>Centrocard (solo plan oxigeno)<\/li>\n<li>Nativa Mastercard (solo hasta tres cuotas)<\/li>\n<li>Mastercard (solo hasta tres cuotas)<\/li>\n<li>Naranja (solo plan Z)<\/li>\n<\/ol>\n<ul>\n<li>\u00a0Cheque al d\u00eda a nombre de la Empresa (Aguas de Catamarca SAPEM), los cheques por pago diferido ser\u00e1n autorizados por la Gerencia Comercial seg\u00fan corresponda.<\/li>\n<\/ul>\n<p><img loading=\"lazy\" decoding=\"async\" class=\"alignnone  wp-image-2268\" src=\"http:\/\/www.adcsapem.com.ar\/wp-content\/uploads\/2022\/02\/tarjetaa-1.jpg\" alt=\"\" width=\"511\" height=\"346\" \/><\/p>\n<p><strong>Canales de Cobro Externo.<\/strong><\/p>\n<ul>\n<li>Banco naci\u00f3n (hasta su Vto)<\/li>\n<li>Cobro Express <strong>(podr\u00e1s abonar cualquier factura en mano, no importa su vencimiento)<\/strong><\/li>\n<li>Banco Santiago del Estero (hasta su Vto)<\/li>\n<li>Sol Pago (hasta su Vto)<\/li>\n<li>Pago f\u00e1cil <strong>(podr\u00e1s abonar cualquier factura en mano, no importa su vencimiento)<\/strong><\/li>\n<li>Rapipago <strong>(podr\u00e1s abonar cualquier factura en mano, no importa su vencimiento)<\/strong><\/li>\n<li>Centrocard (hasta su Vto)<\/li>\n<\/ul>\n<p>&nbsp;<\/p>\n<p><img loading=\"lazy\" decoding=\"async\" class=\"alignnone  wp-image-2269\" src=\"http:\/\/www.adcsapem.com.ar\/wp-content\/uploads\/2022\/02\/lugares-de-pago-min.jpg\" alt=\"\" width=\"574\" height=\"314\" \/><\/p>\n<p><strong>Canales de Cobro Online<\/strong><\/p>\n<ul>\n<li><strong><u>Pague YA:<\/u><\/strong> Podr\u00e1s abonar tu factura tan solo con tu \u201cC\u00f3digo de Pago Electr\u00f3nico\u201d sin salir de tu casa. Ingresa a <a href=\"http:\/\/WWW.aguasdecatamarca.com.ar\">aguasdecatamarca.com.ar<\/a> , \u201cServicios Online\u201d y luego \u201cPague YA su Factura Online\u201d. Ingresa t\u00fa \u201cC\u00f3digo de Pago Electr\u00f3nico\u201d, valida el Captcha y podr\u00e1s ver tus facturas adeudadas, Elige las facturas que necesites pagar y hace clic en cualquiera de estas opciones:<\/li>\n<\/ul>\n<ol>\n<li>Pago Directo con Tarjeta, podr\u00e1s con tu tarjeta de D\u00e9bito o Cr\u00e9dito pagar en tiempo REAL desde nuestro sitio Web <strong><u>(OPCION RECOMENDADA)<\/u><\/strong><\/li>\n<li>Generar Mercado Pago, se genera comprobante con c\u00f3digo de barras para escanear con APP Mercado Pago.<\/li>\n<li>Generar Pago F\u00e1cil\/Rapipago, genera comprobante para imprimir y pagar en tu pago f\u00e1cil o rapipago m\u00e1s cercano<\/li>\n<\/ol>\n<ul>\n<li>Red Link (Home Banking)<\/li>\n<li>Red Banelco (Pagos mis Cuentas)<\/li>\n<\/ul>\n<p><img loading=\"lazy\" decoding=\"async\" class=\"alignnone  wp-image-2270\" src=\"http:\/\/www.adcsapem.com.ar\/wp-content\/uploads\/2022\/02\/WhatsApp-Image-2021-04-21-at-09.30.09.jpeg\" alt=\"\" width=\"514\" height=\"514\" \/><\/p>\n<p>&nbsp;<\/p>\n<p><strong>D\u00e9bitos Autom\u00e1ticos<\/strong><\/p>\n<p>Podr\u00e1s adherirte a nuestra modalidad de Debitos Automaticos, ahorrando tiempo, evitando hacer filas, pagando en t\u00e9rmino y de manera oportuna sin intereses teniendo as\u00ed\u00a0 tu cuenta al d\u00eda.<\/p>\n<p>&nbsp;<\/p>\n<ol>\n<li>D\u00e9bito a trav\u00e9s de CBU Banco Naci\u00f3n (Caja de Ahorros o Cuenta Corriente).<\/li>\n<\/ol>\n<ol>\n<li>D\u00e9bito autom\u00e1tico por tarjeta Nativa\/MasterCard.<\/li>\n<li>D\u00e9bito autom\u00e1tico por Tarjeta Naranja<\/li>\n<li>D\u00e9bito autom\u00e1tico por Tarjeta Centrocard<\/li>\n<li>D\u00e9bito autom\u00e1tico por Tarjeta Sol.<\/li>\n<li>D\u00e9bito autom\u00e1tico por Tarjeta Visa<\/li>\n<li>Descuento por Planilla para Empleados P\u00fablicos, dependientes de la DIO (Direcci\u00f3n de Gesti\u00f3n de la Informaci\u00f3n)<\/li>\n<li>Descuento de Planilla para Empleados P\u00fablicos, dependientes del Ministerio de Educaci\u00f3n<\/li>\n<\/ol>\n<p>&nbsp;<\/p>\n<p>Para adherir a esta modalidad deber\u00e1s dirigirte por nuestras oficinas comerciales de Casa Central o bien por Suc. de Valle Viejo con DNI, tarjeta de cr\u00e9dito y\/o CBU BNA seg\u00fan tu elecci\u00f3n.<\/p>\n<h1>\n<span style=\"font-family: helvetica, arial, sans-serif;\"><span style=\"font-size: 18.6667px;\">\u00a0<\/span><\/span><\/h1>\n<p>&nbsp;<\/p>\n","protected":false},"excerpt":{"rendered":"<p>\u00a0 Casa Central (sito en Av. Ocampo 1013): De 06:30 a 13:30 hs. de lunes a viernes. &nbsp; Sucursal Valle viejo (Padre Esquiu esq. Jose Joaqu\u00edn Acu\u00f1a): De lunes a viernes en el horario de 06:30 a 12:30 hs. Adem\u00e1s de poder abonar en efectivo tu factura, podr\u00e1s optar por las siguientes formas de pago:30<\/p>\n","protected":false},"author":1,"featured_media":0,"parent":0,"menu_order":0,"comment_status":"closed","ping_status":"closed","template":"","meta":{"footnotes":""},"_links":{"self":[{"href":"https:\/\/www.adcsapem.com.ar\/index.php?rest_route=\/wp\/v2\/pages\/540"}],"collection":[{"href":"https:\/\/www.adcsapem.com.ar\/index.php?rest_route=\/wp\/v2\/pages"}],"about":[{"href":"https:\/\/www.adcsapem.com.ar\/index.php?rest_route=\/wp\/v2\/types\/page"}],"author":[{"embeddable":true,"href":"https:\/\/www.adcsapem.com.ar\/index.php?rest_route=\/wp\/v2\/users\/1"}],"replies":[{"embeddable":true,"href":"https:\/\/www.adcsapem.com.ar\/index.php?rest_route=%2Fwp%2Fv2%2Fcomments&post=540"}],"version-history":[{"count":88,"href":"https:\/\/www.adcsapem.com.ar\/index.php?rest_route=\/wp\/v2\/pages\/540\/revisions"}],"predecessor-version":[{"id":2271,"href":"https:\/\/www.adcsapem.com.ar\/index.php?rest_route=\/wp\/v2\/pages\/540\/revisions\/2271"}],"wp:attachment":[{"href":"https:\/\/www.adcsapem.com.ar\/index.php?rest_route=%2Fwp%2Fv2%2Fmedia&parent=540"}],"curies":[{"name":"wp","href":"https:\/\/api.w.org\/{rel}","templated":true}]}}